hat are the prime factors of a(p)?
3
Let s = 30 + -24. Suppose -s*c + 828 = -162. List the prime factors of c.
3, 5, 11
Suppose -y = -4*n - 290, -3*y + 3*n + 556 = -341. What are the prime factors of y?
2, 151
Suppose 10*u - 936 = 6*u - 4*c, 2*u = 4*c + 450. List the prime factors of u.
3, 7, 11
Suppose 4*k = 11*j - 9*j - 20, -3*k - 1 = 2*j. Suppose -200 = -j*w + 3*w. What are the prime factors of w?
2, 5
Let t(h) = 14*h**2 + 13*h - 9. What are the prime factors of t(-7)?
2, 293
Let q(t) = 22*t - 1 - 15*t - 6*t. Let v(z) = -5*z + 1. Let a(x) = -2*q(x) - v(x). List the prime factors of a(14).
43
Suppose -34*n + 2158 = -33*n. What are the prime factors of n?
2, 13, 83
Let j(u) = 2*u - 4. Suppose -4*b + 7 = -1. Let y(g) = 3*g**2 - 3*g. Let f be y(b). List the prime factors of j(f).
2
Let t = 504 + 1048. List the prime factors of t.
2, 97
Let i(w) = -39*w - 91. List the prime factors of i(-11).
2, 13
Let b be 1 + 22 - (-12)/6*1. Suppose b*z = 20*z + 825. What are the prime factors of z?
3, 5, 11
Suppose -8*c = c - 54. Let a(y) = 13*y + 21. List the prime factors of a(c).
3, 11
Suppose -4*l - 7068 = -4*w, 3524 = -5*w + 4*l + 12363. What are the prime factors of w?
7, 11, 23
Let j = 21 + 187. Suppose -4*q + j = -32. What are the prime factors of q?
2, 3, 5
Suppose -43*s - 4*s + 109322 = 0. List the prime factors of s.
2, 1163
Suppose 0 = 54*h - 43*h - 41338. List the prime factors of h.
2, 1879
Let x(o) = -o**2 - 11*o + 7. Let j = -56 - -50. List the prime factors of x(j).
37
Let k = -42 + -9. Let i = 92 + k. List the prime factors of i.
41
Let k be (0 - 1)*-1*-71. Let y = 124 + k. What are the prime factors of y?
53
Suppose -7789 = -3*c + 13*r - 11*r, 3*r + 2594 = c. What are the prime factors of c?
7, 53
Let u be 9/12*(98 + -2). Let q = u - 11. List the prime factors of q.
61
Suppose -3*h = 5*w - 4360, 9*h - 4365 = -5*w + 5*h. What are the prime factors of w?
11, 79
Suppose 1540 = -5*p + 3*s, 2*s + 11 = 1. Let t = p + 27. What are the prime factors of t/(-14) + (-6)/21?
2, 5
Let k = 11 - 8. Suppose 5 = k*g + 2. Let h(t) = 3*t**3 - t**2 + 1. What are the prime factors of h(g)?
3
Suppose -2*c + 4*c + 10 = 2*j, 5*c = -4*j - 43. Suppose 15*k + 0*k + 315 = 0. What are the prime factors of c/(k/12) - -36?
2, 5
Suppose -3*y + 167 - 101 = 0. List the prime factors of y.
2, 11
Let k = -252 - -516. List the prime factors of k.
2, 3, 11
What are the prime factors of (-1 - 1072/(-80))/(2/220)?
2, 11, 31
Let j be -3 - 1 - -8 - 2. Suppose 4*k = -0*k + j*g + 642, 0 = 5*k + 4*g - 770. List the prime factors of k.
2, 79
Suppose -8 - 5 = -x + 5*f, -4*x = -f - 14. Suppose x*g = -g + 308. List the prime factors of g.
7, 11
Suppose 11*t = 7*t - 5*y + 648, t + 5*y - 162 = 0. List the prime factors of t.
2, 3
Let a = -7 - -9. Let t(k) = -1 + 3*k**2 - k**2 + 4*k**a. List the prime factors of t(2).
23
Suppose -2*p - p = 27. Let m be (-4 - p)/(3/18). Suppose 5*w - 25 - m = 0. What are the prime factors of w?
11
Suppose 0 = 29*x - 31*x + 3566. What are the prime factors of x?
1783
Suppose 0*v = -3*a - 5*v + 160, -4*a + 215 = 5*v. Suppose -22 - a = -u - t, -t - 71 = -u. List the prime factors of u.
2, 37
Let m = 2446 - 548. List the prime factors of m/8 + (-2)/8.
3, 79
Suppose 0 = 9*t - 12*t - 501. Let y = 102 + t. Let c = 97 + y. What are the prime factors of c?
2
Suppose 3*i = -15, -13 = -2*u + 6*u + 5*i. Suppose 33 = x - u*p, 2*x - 5*p - 64 = -0*x. Suppose 4*b = x + 13. List the prime factors of b.
2, 5
Let h be ((-120)/(-2))/4*18. Suppose -p + 5*a = -5*p + 277, -4*p + 2*a + h = 0. List the prime factors of p.
2, 17
Let f(a) = -2 - 7 + 3 + 0 - 3*a + 2*a**2. Let j be f(-5). Suppose -3*i - 11 + j = 0. List the prime factors of i.
2
Suppose 4*s - 124 - 132 = 0. Let a = 124 - s. What are the prime factors of a?
2, 3, 5
Let k be 182/(-6 - 1 - -5). Let z = k - -119. What are the prime factors of z?
2, 7
List the prime factors of (12 - -29)*(26 - -1).
3, 41
Let h be -2*1*(-3)/2. Suppose -7*l + 240 = -h*l - k, 157 = 3*l + 5*k. Suppose -4*x = -41 - l. What are the prime factors of x?
5
Let c = 27 + -25. Suppose -c*f - 5 = 3*s, -s - 25 = 3*s - f. Let x = 7 + s. What are the prime factors of x?
2
Suppose 0 = 11*h - 15*h + 6020. List the prime factors of h.
5, 7, 43
Let m(y) = -y**3 - 14*y**2 - 10*y + 41. List the prime factors of m(-13).
2
Let j be (-640)/50*(2 - 7). List the prime factors of 2/(-8) + 2640/j.
41
Let d be 1/(-1) + (9 - 23). Let i = d + 16. What are the prime factors of (21*(i + 1))/2?
3, 7
What are the prime factors of ((-48)/(-56))/(2/560)?
2, 3, 5
Suppose -15*z + 8473 = -7397. List the prime factors of z.
2, 23
Let k(o) = -255*o - 349. List the prime factors of k(-11).
2, 307
Suppose -4*r + 5*r + 10 = 3*d, 3*r - 3 = -2*d. List the prime factors of 6/5*(69 - r).
2, 3, 7
Let k be 4669/6 + (-1)/6. Suppose -s + 3*i - 167 = -0*s, 4*i + k = -5*s. What are the prime factors of (s/(-5))/(4/10)?
79
Let i(x) be the second derivative of 3*x**4/4 + 4*x**3/3 - 7*x**2/2 - 11*x. List the prime factors of i(3).
2, 7
Let y(s) be the second derivative of 11*s**5/60 + 5*s**4/24 - 11*s**3/6 + 6*s. Let r(b) be the second derivative of y(b). List the prime factors of r(3).
71
Let h(v) = 53*v - 41. Let r be h(4). Suppose l - r = -p, 4 = -p + 3. List the prime factors of l.
2, 43
Let x be -1 + 6/((-2)/(-1)). Suppose 12 = 4*p, -p = -z - 6 + x. What are the prime factors of (3 - 2)/(z/(-22))?
2, 11
Let k be 4/(-8)*(1 + -1). Suppose -2*h = -k*h - 3*t - 25, -3*t = 4*h - 59. List the prime factors of h.
2, 7
List the prime factors of (-10047)/102*(-6)/(-1)*-1.
3, 197
Suppose -1763 = -y - 2*f + 512, 4*f + 11347 = 5*y. List the prime factors of y.
3, 757
Let s(h) be the first derivative of 95*h**2/2 + 10*h + 3. Let q be s(6). List the prime factors of 3/9 - q/(-15).
3, 13
List the prime factors of (-764)/(8/3 - 4).
3, 191
Let z = 18 - -7. Suppose z - 3 = 2*t + 4*l, 4*l = 3*t - 23. What are the prime factors of t?
3
Suppose -2*r - 3 = -5*r. Let v be 0 + r/(2/162). Suppose 5*s - v = 3*u, 5*s - 72 = 2*u + 12. What are the prime factors of s?
2, 3
Suppose -3*u + 4 = -83. Let t = -83 + 84. Suppose t = l + 3, o = 5*l + u. What are the prime factors of o?
19
Suppose 3*w = w + 6. Suppose -5*r = -w*r - 230. List the prime factors of r.
5, 23
What are the prime factors of ((569844/(-24))/11)/((-3)/4)?
2, 1439
Suppose 3*o - s = s + 1260, 821 = 2*o + 5*s. List the prime factors of o.
2, 11, 19
Let t(z) be the first derivative of -9*z**2/2 - 3*z + 1. Let a be (-1)/(-2)*(-8 + 2). What are the prime factors of t(a)?
2, 3
Let u = -21 - -16. Let y(c) = -5*c + 4. Let x be y(u). Suppose 2*r = -2*h + 3*r + x, 2*h - 3*r = 39. List the prime factors of h.
2, 3
Let p = 615 + -370. Suppose 2*q - q = f - 61, 5*q = 4*f - p. List the prime factors of f.
2, 3, 5
Let m = -133 + 328. List the prime factors of m.
3, 5, 13
Let g(w) = w. Let i be g(8). List the prime factors of 2*(-3 + 5*i).
2, 37
Let q(n) = 71*n**2 + 2*n - 9. What are the prime factors of q(3)?
2, 3, 53
Suppose b = 2*b - 5. Let g be (b/4)/((-3)/12). What are the prime factors of (-4 - g)*8*4?
2
Suppose -4*h + 2324 = 3*h. What are the prime factors of h?
2, 83
Let n be 0 + (-3 - 156)*1. Let o = 248 + n. List the prime factors of o.
89
Let k = 11 - 18. Let g(n) = -2*n**2 - 2*n + 12. Let c be g(k). Let z = -31 - c. What are the prime factors of z?
41
Let y(k) = -66*k - 1085. List the prime factors of y(-61).
17, 173
Let j(f) = -f + 488. Let u be j(0). Suppose -5*h + 605 = r, -117 = 3*h - r - u. List the prime factors of h.
2, 61
Let o = -1821 + 2580. What are the prime factors of o?
3, 11, 23
Suppose -2*t + o = -747, t = -t - o + 741. Suppose 0 = -y + q + 97, -4*y - 6*q + 2*q = -t. What are the prime factors of y?
5, 19
Let d = -9 - 59. Let i be ((-85)/d)/((-1)/(-4)). Suppose i*v - 70 = -3*y + y, 3*y + 4*v - 98 = 0. List the prime factors of y.
2, 3, 5
Suppose 23*m - 68 = 1. What are the prime factors of m?
3
Suppose 0 = -2*m - 0*m. Let n = 15 + m. Let v = 29 - n. What are the prime factors of v?
2, 7
Let a(z) = 6*z**2 + 8*z + 1. Let b be a(-9). Suppose 13*n - b = 8*n. Let p = n - 46. What are the prime factors of p?
37
Let k = 6272 + -4376. List the prime factors of k.
2, 3, 79
Let g = 232 + 515. Suppose 4*l - 5*x - g = 0, -6*l + l = -x - 960. What are the 